sands digit of 184472?
8
What is the hundred thousands digit of 6009223?
0
What is the tens digit of 232237?
3
What is the thousands digit of 21442037?
2
What is the hundreds digit of 1177029?
0
What is the ten thousands digit of 61414?
6
What is the hundreds digit of 175298?
2
What is the millions digit of 1265339?
1
What is the tens digit of 39557?
5
What is the thousands digit of 186940?
6
What is the ten thousands digit of 272478?
7
What is the hundreds digit of 7909648?
6
What is the hundred thousands digit of 9239232?
2
What is the units digit of 283919?
9
What is the units digit of 827520?
0
What is the tens digit of 8805518?
1
What is the tens digit of 7252313?
1
What is the millions digit of 9806249?
9
What is the tens digit of 13650702?
0
What is the units digit of 209779?
9
What is the hundred thousands digit of 19452183?
4
What is the tens digit of 17143209?
0
What is the thousands digit of 659082?
9
What is the units digit of 191091?
1
What is the units digit of 596878?
8
What is the tens digit of 1385058?
5
What is the hundred thousands digit of 16626682?
6
What is the thousands digit of 1124475?
4
What is the thousands digit of 11187905?
7
What is the ten thousands digit of 2198276?
9
What is the units digit of 20737834?
4
What is the hundred thousands digit of 14938262?
9
What is the hundreds digit of 4512859?
8
What is the hundred thousands digit of 9970418?
9
What is the thousands digit of 8595349?
5
What is the ten thousands digit of 3701601?
0
What is the hundreds digit of 1186708?
7
What is the ten thousands digit of 4287243?
8
What is the ten thousands digit of 249275?
4
What is the hundreds digit of 179134?
1
What is the units digit of 1342922?
2
What is the hundreds digit of 563596?
5
What is the units digit of 1437756?
6
What is the ten thousands digit of 1742601?
4
What is the tens digit of 3616959?
5
What is the hundred thousands digit of 8130073?
1
What is the hundred thousands digit of 3604168?
6
What is the ten thousands digit of 4482469?
8
What is the hundred thousands digit of 2470684?
4
What is the units digit of 3400619?
9
What is the units digit of 1041311?
1
What is the tens digit of 1340364?
6
What is the hundred thousands digit of 161807?
1
What is the tens digit of 813377?
7
What is the ten thousands digit of 15753233?
5
What is the hundred thousands digit of 618456?
6
What is the millions digit of 4071870?
4
What is the thousands digit of 3148815?
8
What is the tens digit of 206822?
2
What is the ten thousands digit of 31334780?
3
What is the thousands digit of 5508442?
8
What is the hundreds digit of 6622990?
9
What is the ten thousands digit of 56123?
5
What is the hundreds digit of 6331918?
9
What is the ten thousands digit of 12945277?
4
What is the units digit of 151198?
8
What is the thousands digit of 39384?
9
What is the thousands digit of 431940?
1
What is the thousands digit of 4715150?
5
What is the tens digit of 65142?
4
What is the thousands digit of 191749?
1
What is the hundreds digit of 541847?
8
What is the ten thousands digit of 30717533?
1
What is the thousands digit of 1366103?
6
What is the millions digit of 4558392?
4
What is the hundred thousands digit of 260850?
2
What is the tens digit of 1637966?
6
What is the hundreds digit of 382754?
7
What is the units digit of 99790?
0
What is the units digit of 271726?
6
What is the tens digit of 512768?
6
What is the thousands digit of 1317220?
7
What is the tens digit of 8599403?
0
What is the ten thousands digit of 151350?
5
What is the ten thousands digit of 583013?
8
What is the units digit of 1867875?
5
What is the hundred thousands digit of 198617?
1
What is the units digit of 2095828?
8
What is the hundreds digit of 1493?
4
What is the ten thousands digit of 3044091?
4
What is the ten thousands digit of 228022?
2
What is the millions digit of 13269790?
3
What is the tens digit of 1233025?
2
What is the tens digit of 80551?
5
What is the units digit of 163013?
3
What is the hundreds digit of 351721?
7
What is the units digit of 869793?
3
What is the ten thousands digit of 1134609?
3
What is the tens digit of 202807?
0
What is the thousands digit of 926853?
6
What is the hundred thousands digit of 2825997?
8
What is the hundred thousands digit of 149798?
1
What is the ten thousands digit of 21901695?
0
What is the thousands digit of 742687?
2
What is the tens digit of 2774075?
7
What is the ten thousands digit of 315133?
1
What is the tens digit of 122064?
6
What is the thousands digit of 1199247?
9
What is the thousands digit of 32031045?
1
What is the millions digit of 1899354?
1
What is the hundred thousands digit of 3497318?
4
What is the tens digit of 768314?
1
What is the units digit of 1506027?
7
What is the hundred thousands digit of 904481?
9
What is the ten thousands digit of 217176?
1
What is the tens digit of 3298343?
4
What is the ten millions digit of 15241381?
1
What is the tens digit of 118485?
8
What is the hundred thousands digit of 1057873?
0
What is the tens digit of 16763478?
7
What is the hundred thousands digit of 157973?
1
What is the millions digit of 2162236?
2
What is the thousands digit of 3050567?
0
What is the thousands digit of 5773371?
3
What is the hundreds digit of 426476?
4
What is the ten thousands digit of 516388?
1
What is the hundred thousands digit of 411359?
4
What is the tens digit of 1609577?
7
What is the ten millions digit of 18219031?
1
What is the units digit of 847186?
6
What is the ten thousands digit of 158299?
5
What is the ten thousands digit of 2049611?
4
What is the thousands digit of 425862?
5
What is the units digit of 5631616?
6
What is the tens digit of 267972?
7
What is the ten thousands digit of 1617791?
1
What is the hundreds digit of 80236?
2
What is the tens digit of 212691?
9
What is the hundreds digit of 595022?
0
What is the ten thousands digit of 8244579?
4
What is the ten thousands digit of 1292565?
9
What is the tens digit of 22089397?
9
What is the millions digit of 1766749?
1
What is the tens digit of 158073?
7
What is the hundreds digit of 41382?
3
What is the ten thousands digit of 2030923?
3
What is the ten thousands digit of 253720?
5
What is the hundred thousands digit of 862435?
8
What is the ten thousands digit of 140724?
4
What is the hundreds digit of 990357?
3
What is the ten thousands digit of 117115?
1
What is the ten thousands digit of 142593?
4
What is the ten thousands digit of 5410170?
1
What is the tens digit of 6613?
1
What is the hundred thousands digit of 9050483?
0
What is the millions digit of 2123648?
2
What is the ten thousands digit of 5915781?
1
What is the hundreds digit of 127921?
9
What is the hundred thousands digit of 3048813?
0
What is the units digit of 605593?
3
What is the hundred thousands digit of 23437692?
4
What is the hundreds digit of 572990?
9
What is the tens digit of 2342513?
1
What is the hundred thousands digit of 2640031?
6
What is the units digit of 4137978?
8
What is the hundred thousands digit of 990020?
9
What is the hundred thousands digit of 217264?
2
What is the millions digit of 1320042?
1
What is the hundreds digit of 604943?
9
What is the hundreds digit of 391091?
0
What is the units digit of 26121822?
2
What is the hundreds digit of 1367564?
5
What is the hundred thousands digit of 281036?
2
What is the thousands digit of 23114693?
4
What is the hundreds digit of 55574?
5
What is the units digit of 785131?
1
What is the hundreds digit of 3246919?
9
What is the millions digit of 2189728?
2
What is the units digit of 6688903?
3
What is the thousands digit of 2967458?
7
What is the hundreds digit of 6567318?
3
What is the tens digit of 13120488?
8
What is the hundreds digit of 221123?
1
What is the tens digit of 517263?
6
What is the thousands digit of 592911?
2
What is the ten thousands digit of 858286?
5
What is the units digit of 6175514?
4
What is the units digit of 1423138?
8
What is the hundreds digit of 179855?
8
What is the thousands digit of 4256157?
6
What is the tens digit of 1618133?
3
What is the millions digit of 10521498?
0
What is the thousands digit of 2030336?
0
What is the ten thousands digit of 14196069?
9
What is the units digit of 126575?
5
What is the hundred thousands digit of 44625